{"id":50,"date":"2017-10-21T23:23:28","date_gmt":"2017-10-21T21:23:28","guid":{"rendered":"https:\/\/mirjambitter.de\/?page_id=50"},"modified":"2023-04-10T17:40:15","modified_gmt":"2023-04-10T15:40:15","slug":"veroeffentlichungen","status":"publish","type":"page","link":"https:\/\/mirjambitter.de\/index.php\/veroeffentlichungen\/","title":{"rendered":"Ver\u00f6ffentlichungen"},"content":{"rendered":"<h2><img loading=\"lazy\" decoding=\"async\" class=\"aligncenter size-full wp-image-99\" src=\"https:\/\/mirjambitter.de\/wp-content\/uploads\/2017\/10\/meine-uebersetzungen-im-regal-1944px.jpg\" alt=\"Regal mit B\u00fccher von Stefano Benni, Fabio Genovesi und anderen\" width=\"1944\" height=\"605\" srcset=\"https:\/\/mirjambitter.de\/wp-content\/uploads\/2017\/10\/meine-uebersetzungen-im-regal-1944px.jpg 1944w, https:\/\/mirjambitter.de\/wp-content\/uploads\/2017\/10\/meine-uebersetzungen-im-regal-1944px-300x93.jpg 300w, https:\/\/mirjambitter.de\/wp-content\/uploads\/2017\/10\/meine-uebersetzungen-im-regal-1944px-768x239.jpg 768w, https:\/\/mirjambitter.de\/wp-content\/uploads\/2017\/10\/meine-uebersetzungen-im-regal-1944px-1024x319.jpg 1024w\" sizes=\"auto, (max-width: 1944px) 100vw, 1944px\" \/><\/h2>\n<h2>\u00dcbersetzungen<\/h2>\n<p>Seit 2007 \u00fcbersetze ich aus dem Italienischen, u.\u00a0a. Romane und Erz\u00e4hlungen von Stefano Benni, Fabio Genovesi, Elena Stancanelli, Mario Soldati oder Giuseppe Berto. Dar\u00fcber hinaus habe ich verschiedene Essays (u.\u00a0a. von Giuliana Sgrena, Franco Berardi oder Loredana Lipperini) f\u00fcr die Zeitschrift <cite>Kultur\u00adaustausch<\/cite> sowie journalistische Texte f\u00fcr das Online-Magazin des Goethe-Instituts Italien \u00fcbersetzt.<\/p>\n<p><a href=\"https:\/\/mirjambitter.de\/index.php\/uebersetzungen\/\">Zur Liste aller publizierten \u00dcbersetzungen &#8230;<\/a><\/p>\n<h2>Wissenschaft<\/h2>\n<p>Ich bin promovierte Literatur\u00ad\u00adwissenschaftlerin. Neben meiner Dissertation <cite>Ged\u00e4chtnis und Geschlecht. Darstellungen in der neueren j\u00fcdischen Literatur in Deutschland, \u00d6sterreich und Italien<\/cite> (Wallstein 2016) habe ich verschiedene Aufs\u00e4tze, Tagungs\u00ad\u00adberichte und Rezensionen zu den Themen Ged\u00e4chtnis\/Erinnerung, j\u00fcdische Literatur und Gender\u00adtheorien ver\u00f6ffentlicht. F\u00fcr einen Sammelband \u00fcber Barbara K\u00f6hlers Gedichtzyklus <cite>Niemands Frau<\/cite> habe ich mich erneut mit dieser spannenden Dichterin besch\u00e4ftigt, der ich schon meine Magister\u00ad\u00adarbeit widmete.<\/p>\n<p><a href=\"https:\/\/mirjambitter.de\/index.php\/wissenschaft\/\">Zur Liste meiner wissenschaftlichen Ver\u00f6ffentlichungen &#8230;<\/a><\/p>\n<h2>Sonstige Artikel und Rezensionen<\/h2>\n<p>Schon seit meiner Jugend schreibe ich gelegentlich Rezensionen, Veranstaltungs\u00adberichte und andere Artikel f\u00fcr diverse Publikations\u00adorgane, relativ regelm\u00e4\u00dfig f\u00fcr den Blog <cite>Kultur oder Wissenschaft<\/cite> sowie seit 2013 f\u00fcr <cite>Blogerim<\/cite>, den Blog des J\u00fcdischen Museums Berlin<cite><\/cite>.<\/p>\n<p><a href=\"https:\/\/mirjambitter.de\/index.php\/weitere-texte\/\">Zu einer Auswahl dieser Artikel &#8230;<\/a><\/p>\n<h2>Lektorierte Texte<\/h2>\n<p>2007 war ich ein Jahr im Lektorat des Verlags Klaus Wagenbach t\u00e4tig. Seit 2008 arbeite ich gelegentlich als freie Lektorin. Au\u00dferdem war ich von 2008 bis 2013 Redakteurin des kultur\u00adwissenschaftlichen Rezensions\u00admagazins <cite>KULT_online<\/cite>, seit 2013 bin ich Online-Redakteurin des J\u00fcdischen Museums Berlin.<\/p>\n<p><a href=\"https:\/\/mirjambitter.de\/index.php\/lektoriertes\/\">Zu einer Auswahl von mir lektorierter Publikationen &#8230;<\/a><\/p>\n<p><a href=\"https:\/\/shop.autorenwelt.de\/?q=%22Mirjam%20Bitter%22&amp;hPP=18&amp;idx=shopify_prod_products&amp;p=0\" target=\"_blank\" title=\"\u00f6ffnet in neuem Fenster\" rel=\"noopener\"><img loading=\"lazy\" decoding=\"async\" src=\"https:\/\/mirjambitter.de\/wp-content\/uploads\/2023\/04\/autorenwelt-shop-banner-1a.jpg\" alt=\"Link zum Autorenwelt-Shop mit der Aufschrift: Meine B\u00fccher online kaufen.\" class=\"aligncenter size-full wp-image-548\" width=\"250\" height=\"125\" \/><\/a><\/p>\n","protected":false},"excerpt":{"rendered":"<p>\u00dcbersetzungen Seit 2007 \u00fcbersetze ich aus dem Italienischen, u.\u00a0a. Romane und Erz\u00e4hlungen von Stefano Benni, Fabio Genovesi, Elena Stancanelli, Mario Soldati oder Giuseppe Berto. Dar\u00fcber hinaus habe ich verschiedene Essays (u.\u00a0a. von Giuliana Sgrena, Franco Berardi oder Loredana Lipperini) f\u00fcr die Zeitschrift Kultur\u00adaustausch sowie journalistische Texte f\u00fcr das Online-Magazin des [&hellip;]<\/p>\n","protected":false},"author":1,"featured_media":478,"parent":0,"menu_order":0,"comment_status":"closed","ping_status":"closed","template":"","meta":{"footnotes":""},"class_list":["post-50","page","type-page","status-publish","has-post-thumbnail","hentry"],"_links":{"self":[{"href":"https:\/\/mirjambitter.de\/index.php\/wp-json\/wp\/v2\/pages\/50","targetHints":{"allow":["GET"]}}],"collection":[{"href":"https:\/\/mirjambitter.de\/index.php\/wp-json\/wp\/v2\/pages"}],"about":[{"href":"https:\/\/mirjambitter.de\/index.php\/wp-json\/wp\/v2\/types\/page"}],"author":[{"embeddable":true,"href":"https:\/\/mirjambitter.de\/index.php\/wp-json\/wp\/v2\/users\/1"}],"replies":[{"embeddable":true,"href":"https:\/\/mirjambitter.de\/index.php\/wp-json\/wp\/v2\/comments?post=50"}],"version-history":[{"count":17,"href":"https:\/\/mirjambitter.de\/index.php\/wp-json\/wp\/v2\/pages\/50\/revisions"}],"predecessor-version":[{"id":549,"href":"https:\/\/mirjambitter.de\/index.php\/wp-json\/wp\/v2\/pages\/50\/revisions\/549"}],"wp:featuredmedia":[{"embeddable":true,"href":"https:\/\/mirjambitter.de\/index.php\/wp-json\/wp\/v2\/media\/478"}],"wp:attachment":[{"href":"https:\/\/mirjambitter.de\/index.php\/wp-json\/wp\/v2\/media?parent=50"}],"curies":[{"name":"wp","href":"https:\/\/api.w.org\/{rel}","templated":true}]}}